at is the millions digit of 80188080?
0
What is the thousands digit of 33214113?
4
What is the thousands digit of 7554592?
4
What is the tens digit of 1211167596?
9
What is the hundreds digit of 7517177744?
7
What is the hundred millions digit of 151491175?
1
What is the hundreds digit of 56497023?
0
What is the units digit of 63732653?
3
What is the ten millions digit of 1389504137?
8
What is the tens digit of 33101859?
5
What is the ten thousands digit of 67960396?
6
What is the thousands digit of 62680005?
0
What is the millions digit of 3423795?
3
What is the millions digit of 484598220?
4
What is the millions digit of 1514120905?
4
What is the thousands digit of 352226620?
6
What is the tens digit of 2707619867?
6
What is the billions digit of 1120394985?
1
What is the hundred thousands digit of 933297038?
2
What is the units digit of 967556674?
4
What is the ten millions digit of 243017582?
4
What is the thousands digit of 29289495?
9
What is the hundred thousands digit of 29217573?
2
What is the thousands digit of 2188245600?
5
What is the thousands digit of 212168771?
8
What is the hundreds digit of 48826145?
1
What is the hundred millions digit of 3079226133?
0
What is the thousands digit of 290041491?
1
What is the tens digit of 8835278?
7
What is the thousands digit of 29831147?
1
What is the ten millions digit of 88335649?
8
What is the ten millions digit of 2874298155?
7
What is the hundred thousands digit of 97712201?
7
What is the hundred millions digit of 147296896?
1
What is the hundreds digit of 2947355808?
8
What is the hundred millions digit of 660245760?
6
What is the hundreds digit of 23268858?
8
What is the tens digit of 48822290?
9
What is the tens digit of 2312012026?
2
What is the ten millions digit of 736514783?
3
What is the ten millions digit of 457501718?
5
What is the hundreds digit of 200016127?
1
What is the hundreds digit of 8870022875?
8
What is the hundred millions digit of 917609739?
9
What is the ten thousands digit of 3041206608?
0
What is the hundred millions digit of 188717156?
1
What is the hundred millions digit of 6123797843?
1
What is the thousands digit of 42014479?
4
What is the tens digit of 664894703?
0
What is the tens digit of 54559867?
6
What is the tens digit of 812697632?
3
What is the ten thousands digit of 74528660?
2
What is the hundred millions digit of 252917799?
2
What is the hundred thousands digit of 553936633?
9
What is the hundreds digit of 110267335?
3
What is the units digit of 147529625?
5
What is the millions digit of 157803201?
7
What is the thousands digit of 1801244593?
4
What is the millions digit of 939716171?
9
What is the units digit of 57092792?
2
What is the millions digit of 682904529?
2
What is the tens digit of 1735857140?
4
What is the hundreds digit of 154245918?
9
What is the ten millions digit of 2465464033?
6
What is the hundred thousands digit of 206369580?
3
What is the millions digit of 255080229?
5
What is the millions digit of 985359903?
5
What is the hundreds digit of 74274277?
2
What is the millions digit of 796453692?
6
What is the hundred millions digit of 4229166733?
2
What is the units digit of 74412007?
7
What is the ten millions digit of 20856368?
2
What is the ten millions digit of 3513412671?
1
What is the units digit of 2172868706?
6
What is the ten thousands digit of 56425007?
2
What is the units digit of 786151035?
5
What is the ten thousands digit of 27889976?
8
What is the millions digit of 129566528?
9
What is the millions digit of 18028992?
8
What is the units digit of 930018642?
2
What is the tens digit of 2103646?
4
What is the ten millions digit of 2381992908?
8
What is the millions digit of 33702881?
3
What is the hundreds digit of 824684955?
9
What is the units digit of 408022773?
3
What is the billions digit of 2910094114?
2
What is the units digit of 113766509?
9
What is the ten millions digit of 75716552?
7
What is the ten millions digit of 97575094?
9
What is the hundred thousands digit of 410376921?
3
What is the hundred thousands digit of 780998915?
9
What is the ten thousands digit of 782279016?
7
What is the hundred thousands digit of 1737934540?
9
What is the ten thousands digit of 1886526837?
2
What is the tens digit of 705211065?
6
What is the ten millions digit of 1158712920?
5
What is the ten thousands digit of 870185787?
8
What is the ten millions digit of 19816635?
1
What is the hundred thousands digit of 19588913?
5
What is the millions digit of 45701831?
5
What is the ten thousands digit of 150391164?
9
What is the hundred thousands digit of 114618793?
6
What is the hundred thousands digit of 415059415?
0
What is the thousands digit of 95713492?
3
What is the tens digit of 21529772?
7
What is the thousands digit of 6141142079?
2
What is the billions digit of 1959501085?
1
What is the hundreds digit of 1066880119?
1
What is the hundreds digit of 4113026171?
1
What is the ten thousands digit of 148899548?
9
What is the thousands digit of 1145031932?
1
What is the ten thousands digit of 36381116?
8
What is the millions digit of 1988008898?
8
What is the hundred millions digit of 663298311?
6
What is the millions digit of 93865735?
3
What is the tens digit of 37596142?
4
What is the units digit of 206080797?
7
What is the hundreds digit of 185256859?
8
What is the ten thousands digit of 38255350?
5
What is the tens digit of 186695270?
7
What is the millions digit of 79521543?
9
What is the units digit of 357961602?
2
What is the tens digit of 5027301?
0
What is the hundreds digit of 2760495830?
8
What is the thousands digit of 34578032?
8
What is the hundred millions digit of 197852306?
1
What is the ten millions digit of 42222428?
4
What is the units digit of 224048640?
0
What is the thousands digit of 287459698?
9
What is the hundred millions digit of 238831693?
2
What is the ten thousands digit of 56473220?
7
What is the thousands digit of 2461407?
1
What is the units digit of 3885682?
2
What is the units digit of 36926021?
1
What is the tens digit of 4411076410?
1
What is the tens digit of 1234243432?
3
What is the millions digit of 4073198522?
3
What is the ten millions digit of 408790173?
0
What is the hundreds digit of 1867291819?
8
What is the millions digit of 5166054874?
6
What is the hundred thousands digit of 2228975693?
9
What is the tens digit of 118983216?
1
What is the millions digit of 358252857?
8
What is the hundreds digit of 211777199?
1
What is the units digit of 778182845?
5
What is the millions digit of 14778192?
4
What is the ten thousands digit of 59687335?
8
What is the hundreds digit of 191704960?
9
What is the hundred thousands digit of 2915554912?
5
What is the tens digit of 80573842?
4
What is the ten millions digit of 87293592?
8
What is the tens digit of 169839985?
8
What is the tens digit of 155886503?
0
What is the millions digit of 44460113?
4
What is the hundred millions digit of 706548599?
7
What is the hundreds digit of 121884216?
2
What is the hundred thousands digit of 543324082?
3
What is the tens digit of 222353218?
1
What is the hundred thousands digit of 143209877?
2
What is the tens digit of 21552757?
5
What is the hundred thousands digit of 176856005?
8
What is the hundred millions digit of 1990601097?
9
What is the hundred millions digit of 628478903?
6
What is the thousands digit of 42743834?
3
What is the hundred thousands digit of 1058680629?
6
What is the units digit of 519012901?
1
What is the ten millions digit of 4384825657?
8
What is the ten thousands digit of 525781401?
8
What is the millions digit of 5529726085?
9
What is the hundred thousands digit of 33477951?
4
What is the hundreds digit of 8001404?
4
What is the thousands digit of 2024325478?
5
What is the ten millions digit of 254448412?
5
What is the millions digit of 48925855?
8
What is the billions digit of 1748320232?
1
What is the billions digit of 4305354121?
4
What is the hundred thousands digit of 31261853?
2
What is the millions digit of 4599592596?
9
What is the units digit of 52795750?
0
What is the millions digit of 3451070588?
1
What is the units digit of 237511229?
9
What is the hundred thousands digit of 9676399?
6
What is the billions digit of 4808503917?
4
What is the hundred thousands di